hat is 23110 + -10?
23100
In base 14, what is 47 - -14?
5b
In base 13, what is 1223 - -3?
1226
In base 16, what is 5a - 3?
57
In base 15, what is -61 - -3?
-5d
In base 14, what is -b0 - -2?
-ac
In base 12, what is 1 - 59?
-58
In base 12, what is 6 + -40?
-36
In base 5, what is -202044 - 4?
-202103
In base 5, what is -2041 + -11?
-2102
In base 4, what is 23133 - 11?
23122
In base 9, what is -26 - 4?
-31
In base 8, what is 5 + -573?
-566
In base 12, what is -7 - -31?
26
In base 8, what is 23 - 3?
20
In base 9, what is 1 + -68?
-67
In base 9, what is -4 - -35?
31
In base 16, what is 17 - -4?
1b
In base 8, what is 15 + 101?
116
In base 10, what is -4 + 45?
41
In base 7, what is -2021 - -16?
-2002
In base 3, what is 22 + -200022?
-200000
In base 5, what is -2211232 - -4?
-2211223
In base 3, what is -2 + 2111?
2102
In base 12, what is -251a + 5?
-2515
In base 10, what is 1 + -398?
-397
In base 3, what is 121 - 2102?
-1211
In base 9, what is -5 - -63?
57
In base 2, what is 10011 - -110?
11001
In base 4, what is -123 - 3020?
-3203
In base 3, what is -220222 + 11?
-220211
In base 2, what is -100 - 1000011?
-1000111
In base 11, what is 2621 + 2?
2623
In base 7, what is -53 - -4?
-46
In base 13, what is 0 - 17c?
-17c
In base 4, what is -10100 - -310?
-3130
In base 7, what is -262 + 11?
-251
In base 11, what is 0 + -105?
-105
In base 3, what is 100 - 221020?
-220220
In base 15, what is -1b - -4?
-17
In base 9, what is 63 - -8?
72
In base 9, what is 81 - 68?
12
In base 3, what is -120 - 22?
-212
In base 13, what is 150 - -3?
153
In base 6, what is -2042 - -3?
-2035
In base 3, what is -100 - 201?
-1001
In base 8, what is 24 + 15?
41
In base 14, what is 8 + 99?
a3
In base 14, what is 884 + 4?
888
In base 7, what is 62433 + 5?
62441
In base 4, what is 11 - 113?
-102
In base 10, what is 556 - 2?
554
In base 11, what is -8 + -5?
-12
In base 2, what is -1000110111 + 100?
-1000110011
In base 4, what is 3 + -21013?
-21010
In base 10, what is -78 + -6?
-84
In base 16, what is 1a - d9?
-bf
In base 4, what is -3 + 11321?
11312
In base 9, what is -15072 + 3?
-15068
In base 2, what is 1011011 - 1?
1011010
In base 4, what is -2 + 32?
30
In base 9, what is 5803 - -2?
5805
In base 8, what is -4 - 435?
-441
In base 7, what is -132 - 5?
-140
In base 6, what is 5 + 143?
152
In base 14, what is 1427 + 0?
1427
In base 13, what is -5 + -3b?
-43
In base 8, what is -42 - 70?
-132
In base 15, what is 15 + 24?
39
In base 6, what is 1134 + 1?
1135
In base 2, what is 11001 - -1000010100?
1000101101
In base 4, what is 203 + 131?
1000
In base 14, what is -2 + 18?
16
In base 7, what is -311 + 10?
-301
In base 13, what is 5 + 43?
48
In base 11, what is 0 + 404?
404
In base 15, what is -4 - 15?
-19
In base 10, what is 15 + 7?
22
In base 8, what is 2 + -14751?
-14747
In base 12, what is -3 + -35?
-38
In base 7, what is -104566 - -2?
-104564
In base 6, what is 13 + 13?
30
In base 4, what is 20031 - 3?
20022
In base 2, what is 100 + -1111110?
-1111010
In base 7, what is -3 + 626?
623
In base 15, what is 4 - c29?
-c25
In base 16, what is 23 - -9?
2c
In base 7, what is -23 + 4?
-16
In base 8, what is 17 + 2670?
2707
In base 14, what is 0 - -3139?
3139
In base 9, what is 62 + 5?
67
In base 2, what is 10010001100 + 10?
10010001110
In base 12, what is -2 - 1b?
-21
In base 4, what is 210 - 3?
201
In base 9, what is 1668 + 5?
1674
In base 5, what is 21224 - -14?
21243
In base 6, what is -1300 + 21?
-1235
In base 11, what is -7467 - 3?
-746a
In base 6, what is -20410 - 2?
-20412
In base 5, what is 201 - 31?
120
In base 16, what is 0 - -d?
d
In base 9, what is 7 - 40?
-32
In base 14, what is 3 - 248?
-245
In base 7, what is 20 - 26?
-6
In base 5, what is 1 - -114?
120
In base 6, what is 4 + 1304?
1312
In base 14, what is -4 - -44a?
446
In base 8, what is -107 + -54?
-163
In base 8, what is -216 - 15?
-233
In base 10, what is 2470 - 1?
2469
In base 8, what is -56 + -43?
-121
In base 14, what is 0 + -31d?
-31d
In base 11, what is -4 - 296?
-29a
In base 10, what is -3 + -79?
-82
In base 7, what is 14 - -6230?
6244
In base 12, what is 2 - 87?
-85
In base 15, what is -a + -15?
-20
In base 13, what is 5 + 2b?
33
In base 13, what is -c - -2?
-a
In base 12, what is 4 + -1236?
-1232
In base 8, what is 1216 - -3?
1221
In base 6, what is 140 + 331?
511
In base 5, what is 13 + 22034?
22102
In base 3, what is -1112 + 12?
-1100
In base 11, what is -287 + -5?
-291
In base 16, what is 45f + 5?
464
In base 10, what is 1 - -98?
99
In base 5, what is 3 - -24?
32
In base 11, what is -449 + 4?
-445
In base 14, what is -2 - c21?
-c23
In base 12, what is 1 + -b?
-a
In base 8, what is -330 + -54?
-404
In base 9, what is 7 - 22?
-14
In base 6, what is 0 - 24?
-24
In base 9, what is -207 - -107?
-100
In base 3, what is 122 + 100120?
101012
In base 3, what is 21 + 122?
220
In base 9, what is -1 - -83?
82
In base 5, what is 303341 + 1?
303342
In base 8, what is 2 - -244?
246
In base 11, what is 180 + 0?
180
In base 5, what is -1324 - -11?
-1313
In base 3, what is -2 + -202?
-211
In base 3, what is -1012011110 - -12?
-1012011021
In base 10, what is -1 + -31?
-32
In base 11, what is 2 - -10a6?
10a8
In base 11, what is 35 + 251?
286
In base 14, what is 44 - 3a?
8
In base 5, what is -22 - 33?
-110
In base 8, what is 4 - 2613?
-2607
In base 12, what is 44 - 4?
40
In base 13, what is b - 10a0?
-1092
In base 8, what is 103 + 140?
243
In base 10, what is -4 - 44?
-48
In base 3, what is -111 + -111?
-222
In base 15, what is 68c + 3?
690
In base 4, what is -32022 + -11?
-32033
In base 14, what is -1 + c7?
c6
In base 4, what is 0 - -2022?
2022
In base 15, what is -c + -2c?
-39
In base 7, what is -1 + -113?
-114
In base 13, what is 7 - -25c6?
2600
In base 10, what is 3 + -39?
-36
In base 2, what is -10100000010 - 100?
-10100000110
In base 10, what is 69 + -21?
48
In base 4, what is -202 - 1312?
-2120
In base 16, what is 9 - 55?
-4c
In base 12, what is -14 - 3?
-17
In base 4, what is -2130000 + 0?
-2130000
In base 14, what is 7 + -18?
-11
In base 11, what is -1 + -82?
-83
In base 10, what is 17 - -126?
143
In base 10, what is 637 + -1?
636
In base 3, what is -10 + 21121?
21111
In base 6, what is -3 + 50?
43
In base 8, what is 43 - -104?
147
In base 7, what is -122 - -30?
-62
In base 15, what is 3 + 3d8?
3db
In base 13, what is 1 + -289?
-288
In base 13, what is 51 - -11?
62
In base 9, what is 1 - 2878?
-2877
In base 7, what is 1 - 454?
-453
In base 11, what is 28a + -a?
280
In base 15, what is 1dc + -1b?
1c1
In base 13, what is -a + 2?
-8
In base 13, what is -18c5 + -5?
-18ca
In base 6, what is 53 - 10?
43
In base 2, what is -101 - 1000010010?
-1000010111
In base 2, what is 1011000 - 101?
1010011
In base 16, what is 73 - 2?
71
In base 5, what is -14 + -2?
-21
In base 12, what is 10017 + 4?
1001b
In base 6, what is 5 - -52?
101
In base 13, what is -2585 + -5?
-258a
In base 10, what is -7 + 1?
-6
In base 3, what is -1012 + -222?
-2011
In base 6, what is -14024 - 2?
-14030
In base 3, what is -12002 - -220?
-11012
In base 5, what is -10 + -422?
-432
In base 14, what is 30 - 22?
c
In base 14, what is -6 - -1d?
17
In base 16, what is 17c3 + -6?
17bd
In base 7, what is -5 + -51?
-56
In base 13, what is 7c01 + 2?
7c03
In base 16, what is 2 - -c7?
c9
In base 10, what is 7 - -16?
23
In base 13, what is 2 - -1249?
124b
In base 9, what is -6682 - -2?
-6680
In base 4, what is -2 + -10101?
-10103
In base 12, what is -298 - 2?
-29a
In base 12, what is b + 87?
96
In base 11, what is -3138 + -3?
-3140
In base 13, what is -4 - b7?
-bb
In base 6, what is 4 - -2540?
2544
In base 5, what is 11 + -313?
-302
In base 5, what is 2 - -114?
121
In base 13, what is 4 - -4a5?
4a9
In base 7, what is 133 - -3?
136
In base 10, what is 35 - -61?
96
In base 4, what is -10 + 1003?
333
In base 8, what is 2 + -4?
-2
In base 3, what is 2220 - -21?
10011
In base 11, what is 1 - -724?
725
In base 10, what is 4896 + 4?
4900
In base 11, what is -141 + 1?
-140
In base 6, what is -2100 + -5?
-2105
In base 4, what is -2 + -200?
-202
In base 4, what is 0 + -331?
-331
In base 7, what is -25 + -64?
-122
In base 4, what is -10 + 132?
122
In base 5, what is -2230 - -4?
-2221
In base 15, what is 4 - -299?
29d
In base 14, what is 40 + 143?
183
In base 13, what is 1 - b1?
-b0
In base 4, 